= -f**2 + 8*f. Let w be m(8). Suppose 0 = -2*y - 3*i - 8, -5*y + 2*i - 1 = w. Is (-1 - 1)/(y/43) prime?
False
Let o be -3*6*(-4)/18. Suppose 2*n + 8407 = o*s + n, 8398 = 4*s + 2*n. Is s prime?
False
Is 61960/28 - (-2 - (-26)/14) a prime number?
True
Suppose 3*x = 6*x - 54. Suppose -5*g = -x - 22. Suppose g*y - 1580 = 3*y - n, 312 = y + n. Is y prime?
True
Let i(x) = 5164*x + 53. Is i(3) a composite number?
True
Suppose -14 + 10 = -2*q. Suppose -a - w - 1979 = -3*a, q*a - 1976 = 2*w. Is a a composite number?
False
Suppose 3*i - 6 - 24 = 0. Suppose -i = o - 17. Suppose 3*p = o*p - 844. Is p prime?
True
Suppose 0 = -5*d + 17 + 8. Suppose 35 = d*n - 0*n. Suppose 3*l + 4196 = n*l. Is l composite?
False
Suppose 3*z + 335 + 241 = 0. Let k be ((-109)/1)/(16/z). Let t = 1873 - k. Is t prime?
False
Suppose 393 = -2*z + 4035. Is z prime?
False
Let u(o) be the first derivative of o**6/360 - o**5/20 - 5*o**4/24 + 2*o**3 + 8. Let g(j) be the third derivative of u(j). Is g(9) prime?
False
Let b(p) = p**3 - 3*p**2 - 3*p + 3. Let h be b(-6). Is (2/(-2))/(-1) - (-5 + h) a prime number?
False
Let j = -192 + 376. Let t = j - -38. Suppose t = -0*s + 3*s. Is s prime?
False
Let x = 2913 - -1708. Is x prime?
True
Suppose d - 2*i = -i + 1279, 3*d + 2*i = 3862. Let r = d - -409. Is r a prime number?
True
Suppose 0 = 5*r + 4*v - 1699705, -4*v - 1307647 = -5*r + 392058. Is r a composite number?
True
Suppose -5*s + 4904 = 4*i - 3*i, -3*s = 3. Is i a prime number?
True
Let g = 23743 + -16584. Is g prime?
True
Suppose -4*v - 62814 = -2*r, -25*v = r - 22*v - 31387. Is r prime?
False
Let r = -303 + 1838. Is r a composite number?
True
Let q(z) = z**2 - 20*z + 34. Let p be q(19). Suppose 210 = -5*r + p*r. Is r a prime number?
False
Let s(x) = x**3 + 3*x**2 - 5*x + 1. Let t be s(-4). Suppose 56 + 59 = t*c. Is c composite?
False
Let w(r) = 83*r + 4. Let o be 3*(-3 + 3 - -1). Let q be w(o). Suppose -2*t = -5*m - q, -1 = -3*m + 2. Is t composite?
True
Suppose 0 = 53*u - 57*u - z + 86733, u - 21686 = -3*z. Is u a composite number?
False
Suppose 0 = 6*i - 2*i - 5*o + 9, -12 = i + 2*o. Let v(g) = 4*g**2 + 5*g + 19. Is v(i) composite?
True
Let u(f) = -3*f**3 + 12*f**2 + 9*f + 19. Let n(b) = b**3 + b - 1. Let r(a) = 4*n(a) + u(a). Is r(-10) a composite number?
True
Suppose 3*o = 32383 - 1450. Suppose -4*c - o = -4*k - 9*c, -2*k - c = -5157. Is k prime?
True
Suppose -2*l - 3 = -n - 0, -l + 5*n = 15. Is (-321328)/(-196) + (-3)/7 + l composite?
True
Let g = -227 - -388. Is g a composite number?
True
Suppose 6*k - 19534 = 36812. Is k prime?
True
Let p = -4 - 137. Let i = -593 - -877. Let u = p + i. Is u a composite number?
True
Suppose -5*x = 15, -6*x + 3*x - 3153 = 2*b. Let p = -865 - b. Is p a prime number?
False
Let o = 94 - -69. Let y = -90 - 26. Let w = o + y. Is w a composite number?
False
Suppose 0 = -2*s - 0 + 20. Let t(q) = -6*q - 17. Let j(u) = -18*u - 50. Let k(d) = -6*j(d) + 17*t(d). Is k(s) a prime number?
True
Let g(t) be the second derivative of -t**3 + t**2/2 - 5*t. Let c(d) = -d. Let m be c(2). Is g(m) composite?
False
Suppose -2*y - 446 + 168 = 0. Let k = y - -476. Suppose -5*g = -z + k, 586 = 3*z - 5*g - 385. Is z a composite number?
False
Let n(v) = v - 3. Let k be (-225)/(-33) - 8/(-44). Let f be n(k). Suppose 0 = -f*w - w + 1270. Is w a composite number?
True
Suppose -107*r + 10810 = -97*r. Is r prime?
False
Let i = -18 + 19. Let h = 1 - i. Suppose j - 276 - 373 = h. Is j prime?
False
Let c(o) = -2*o**2 - 18*o - 24. Let w be c(-6). Suppose w*k - 20639 = 11821. Is k a prime number?
False
Let j(s) = -222*s + 1. Let h(p) = p**2 - 13*p - 12. Let n be h(14). Suppose r + 5 = -4*v, -5*r - 3*v = -n*v + 6. Is j(r) prime?
True
Suppose -6*c = -5*c - 9961. Is c a composite number?
True
Let l = -5723 - -10120. Is l a composite number?
False
Let u(o) = 8*o**2 - 17*o - 148. Is u(13) prime?
True
Suppose -1312 = -10*j + 2268. Is j prime?
False
Suppose -6*g - 4 - 8 = 0. Is 3/(g - (-3634)/1814) prime?
True
Suppose 2*n - 2670 = -4*t, n = 3*t + 4*n - 2001. Suppose 4*q - t = 8*q. Let j = 170 - q. Is j a composite number?
False
Suppose -g = -71 - 308. Is g a composite number?
False
Let m(t) = 1438*t**2 + 6*t - 5. Let r be m(1). Suppose -626 = -2*u - 3*o + 809, o = 2*u - r. Is u composite?
False
Let v(n) = -n**2 + 10*n - 8. Let i be v(10). Let w(l) = 3*l**2 + 9*l - 11. Is w(i) a composite number?
False
Let l = -13 + 17. Suppose p + 3*v - 227 = 0, -3*p = -l*v - 513 - 168. Let o = p + -132. Is o composite?
True
Let m = -1949 + 3331. Let y = m + -133. Is y a composite number?
False
Suppose -69*r + 65*r + 14012 = 0. Is r prime?
False
Suppose 0 = -0*v + v + a + 6, 0 = a + 3. Is ((-1)/2)/((24/5968)/v) prime?
True
Suppose 0 = -2*y - 4*y + 18. Suppose 0 = -y*g + 4*h + 13247, -5*g + 11415 = -4*h - 10674. Is g a composite number?
False
Is 56/16 + (-912275)/(-10) a composite number?
True
Let d = 7051 - 559. Suppose 10*p - 22*p = -d. Is p a composite number?
False
Suppose d - 4 = -0, 4*s + 2072 = 5*d. Let r = -56 - s. Is r a prime number?
True
Suppose 4*v + 4*t = 0, -t - 9 = v - 3*v. Let s be -33*-7*(v + -2). Suppose 4*p = p + s. Is p prime?
False
Suppose -70*d = -75*d + 895. Is d composite?
False
Suppose -r + 0 = -3. Suppose -w - r*i + 317 = 0, w + 333 = 2*w - i. Is w composite?
True
Suppose 0 = -y - 2*g + 169, -3*y + 5*g + 150 = -412. Is y prime?
True
Suppose 1613 = f + 2*f + 5*k, 3*f - 3*k = 1629. Is f composite?
False
Let j be (4/(-7))/((-6)/84). Let k(v) = 35*v - 23. Is k(j) a prime number?
True
Let t = 13 - 9. Let x(j) = j**3 + 3*j**2 - j + 4. Let n be x(t). Let g = 239 - n. Is g composite?
False
Suppose -505*z + 13799 = -504*z. Is z composite?
False
Let q = 1333 + -2479. Is (q/12)/(2/(-4)) a prime number?
True
Let x be ((-4)/6)/((-1)/6). Suppose s - 1341 = x*s. Let h = -82 - s. Is h a composite number?
True
Is (18/4 - 4) + (-2463)/(-6) a prime number?
False
Let b = -859 - -546. Let i = b - -524. Suppose i = 4*j - 49. Is j composite?
True
Let x be ((-66)/(-12) - 4)/((-2)/4). Is (196 - (-3)/x) + -4 a composite number?
False
Suppose 5*a - 29 = -5*o - 109, 5*o = -2*a - 35. Let j be 574/6 - (-10)/a. Suppose 6*u - u = j. Is u prime?
True
Suppose -3*u = -3*j + 60039, -4*j - 4*u + 9*u = -80050. Is j prime?
False
Let z = 33 - 51. Let m = 28 + z. Is m composite?
True
Let x = 38 - 27. Let c = x + -12. Let y = c + 26. Is y composite?
True
Let l(p) = -3*p - 1. Let r(i) = i. Let u(k) = l(k) + 4*r(k). Let f be u(6). Suppose -6*x - 546 = -5*o - 3*x, x = -f*o + 558. Is o composite?
True
Suppose 0 = 108*k - 104*k - 15284. Is k composite?
False
Let j(z) be the second derivative of -6*z**5/5 + z**4/6 - z**3/2 - z**2 + 15*z. Is j(-3) a prime number?
True
Let t(k) = -k**3 + 23*k**2 - k + 25. Let u be t(23). Suppose 3536 = 5*g - o, g - 2*g - u*o = -705. Is g composite?
True
Let j be -3*1 - (-3 + 0). Suppose j = -6*v - 3 + 33. Suppose 0 = v*d - 4*s - 391, 0 = -2*d - 2*s + 200 - 40. Is d a composite number?
False
Let f(u) = 73*u**2 + u**3 + 12 - 8*u - 82*u**2 - 7*u. Is f(13) a composite number?
True
Let c = 2481 + 113. Suppose y - 4*l = 3039 - 447, 0 = y - 3*l - c. Is y/22 - (-8)/(-44) a composite number?
True
Let m = -119 + 65. Let a = 151 + m. Is a a prime number?
True
Let t(n) = 3*n**3 - 2*n**2 - 3*n - 4. Let z be t(3). Let b be (-12)/6 + z + 0. Let m = b + -17. Is m composite?
False
Let w(q) = 172*q**3 - 3*q**2 + 2*q - 10. Is w(3) a prime number?
False
Let q = 667 + -260. Let a = q + 150. Is a composite?
False
Suppose 3*z - 10*z = -96383. Suppose 3*v = 10*v - z. Is v prime?
False
Let y = 3 + -1. Suppose -3*d = -3*w, -w + 0 = -y. Suppose -1287 = -d*i + m, 4*m + 1943 = 3*i - 0*m. Is i a composite number?
False
Suppose 10*t - 870 = 4*t. Is t prime?
False
Suppose y = -3*j - 34, -3*y + 2*j + 8 - 66 = 0. Let a be (-252)/4*y/6. Suppose -3*q + 15 = -a. Is q a composite number?
True
Let x(t) = 3*t - 18. Let p be x(6). Suppose p = h + 4*s - 199, 2*s - 2 - 2 = 0. Is h prime?
True
Is 31313/6 + 17/102 prime?
False
Suppose 5*y + 0*t - 47 = -2*t, 3*y + 2*t = 29. Suppose 0*g - 3*g + 5274 = 0. Is (g/y)/(6/9) composite?
False
Let h(t) = t**3 + 38*t**2 + 20*t - 21. Is h(-20) a composite number?
False
Suppose 6*k + 1445 = k. Let n = k + 582. Is n composite?
False
Let y(q) = -q**2 + 2*q. Let k be y(2). Suppose 0 = 2*v - k*p + 3*p - 3